of 800 and o?
80
Suppose o = 3*z + 2, 0 = o - 5*z - 100 + 112. What is the highest common divisor of 20171 and o?
23
Let g = -11185 - -11194. Calculate the highest common factor of 1041 and g.
3
Let m(x) = 2*x**3 + 26*x**2 - 31*x - 3. Suppose 3*a - 5*a - 4*i = 36, 3*i - 64 = 5*a. Let f be m(a). What is the greatest common divisor of 39 and f?
39
Let y be ((-88)/(-10))/((-38)/(-95)). Suppose b = 6*k - 10*k + 65, -2*k - 4*b + y = 0. What is the highest common factor of k and 1003?
17
Let p = -277 - -810. Calculate the highest common factor of 164 and p.
41
Let z be 1026/190*10/3. Suppose z*q = 4*q + 840. Let c(w) = w**2 - w. Let l be c(-4). What is the greatest common divisor of l and q?
20
Suppose 7094 = 209*o - 1266. Calculate the highest common factor of 10020 and o.
20
Let y(i) = 2*i**2 - 10*i + 8. Let a be y(6). Let k = 73 - a. Let p = k + -36. What is the greatest common factor of 119 and p?
17
Suppose -152*u + 51*u = -132209. What is the highest common divisor of 187 and u?
187
Let f be -2*(-4 - -8)*(-261)/6. Let c be f/4*(3 - 2 - -1). What is the greatest common divisor of c and 609?
87
Let t be -1 + ((-28)/8)/((-2)/4). Suppose 4 + 35 = 13*d. Calculate the greatest common factor of d and t.
3
Let k be (3*(-2)/(-12))/((-279)/(-29574)) + -5. Let h(d) = d + 5. Let f be h(-5). Let q be (2 - (0 + f))*6. Calculate the greatest common divisor of k and q.
12
Suppose -47*p + 92 = -24*p. Suppose 21*l - 300 = -p*l. Calculate the highest common factor of l and 372.
12
Suppose -4*r + 12 = -5*u, 2*r - 28 = r - 5*u. Let v(d) = d**3 - 78*d**2 - 107*d - 4238. Let a be v(80). What is the greatest common factor of r and a?
2
Let q(x) be the second derivative of x**5/5 + 5*x**4/12 - 8*x**3/3 - x**2 + 26*x. Let v be q(4). Calculate the greatest common divisor of v and 108.
54
Suppose -32 + 23 = -3*n. Let f(o) = 12 + 2*o**3 - 11*o**2 - n*o**3 + o + 23*o**2. Let d be f(12). What is the greatest common factor of 3 and d?
3
Suppose -5*s + 803 = -302. Suppose -48 = -2*r - r + 3*m, 6*r + m = 75. Calculate the greatest common divisor of r and s.
13
Let m(g) = -644*g + 37. Let a be m(-3). What is the greatest common divisor of 11 and a?
11
Suppose -2*p - 3*a + 0*a = -53, -4*a = -2*p + 88. Suppose 2*c = -3*c + 9350. Suppose 0 = 20*u - 15*u - c. What is the highest common factor of p and u?
34
Let d be (-12)/(-546)*-7 + 156368/26. Calculate the greatest common factor of 62 and d.
62
Let r = -1289 + 1297. Let b(g) be the second derivative of g**4/4 - 13*g**3/6 + 10*g**2 - g. Let h be b(r). What is the greatest common factor of h and 27?
27
Let j(g) = -4*g**3 + 380*g**2 - 2*g + 876. Let k be j(95). What is the greatest common factor of 833 and k?
49
Let t = -1998 + 6078. Calculate the greatest common factor of 720 and t.
240
Let k(b) = 752*b + 2. Let i be k(1). What is the highest common factor of 116 and i?
58
Let f = -4507 - -4563. Calculate the greatest common factor of 161 and f.
7
Let i be (-2)/9 - 80600/(-468). Let t = -13 + 59. Suppose -4*s - t = g - 272, -2*g = 3*s - i. Calculate the highest common factor of 8 and s.
8
Let s(i) = -4*i**3 + 1. Let h be s(-1). Calculate the highest common divisor of 61 and h.
1
Let i be ((-42)/(-5))/((-1)/(-5)). Let s = 496 - 436. Suppose 5*c = -15, 0 = -4*v - 11*c + 7*c + s. What is the highest common factor of v and i?
6
Suppose -x + 4*w = 75, 0*x + 463 = -5*x - 2*w. Let b = x + 115. What is the greatest common divisor of b and 56?
8
Let z = -382 - -487. Let c = 4 + 11. What is the highest common factor of c and z?
15
Let p be (-6)/4*(-3)/((-27)/(-12)). Let a be (75/12 - p) + 5/(-20). Suppose a*h + 12 = 16. What is the greatest common factor of 8 and h?
1
Suppose -12*j - 4704 = 6*j - 67*j. What is the greatest common divisor of 78 and j?
6
Let h = -103 + 134. Suppose 42 = -29*b + h*b. Let o(d) = -d**3 + d**2 + d + 7. Let q be o(0). Calculate the highest common factor of b and q.
7
Let c(u) = 2*u + 21. Let l be c(-12). Let f be ((-1)/(-2) + l)/(1/(-46)). Suppose 11*d = 17 + f. Calculate the greatest common divisor of 4 and d.
4
Let t = -465 + 312. Let z = t - -67. Let g be z/(-18) - (-2)/9. What is the greatest common divisor of 20 and g?
5
Let j(q) = 2*q**3 - 40*q**2 + q - 7. Let x be j(21). Calculate the greatest common factor of x and 756.
28
Let j(g) = -g**2 + 8*g. Let o be j(6). Let c = o + 11. Calculate the highest common factor of 23 and c.
23
Let j be (-2674)/9 + (-10)/(4 - 94). Let w be 3 - (j/13 - 22/143). What is the greatest common factor of w and 182?
26
Suppose 3*c + 2*n - 10038 = 0, -2*c - 89*n + 90*n = -6685. Calculate the greatest common factor of c and 57.
19
Suppose l - 36387 = 5*i - 138139, -i - 4*l + 20342 = 0. What is the highest common factor of 100 and i?
50
Let p = -159 - -745. Suppose 1036 + 904 = 5*v. Let s = p - v. What is the greatest common factor of s and 18?
18
Let m = -22585 - -22684. What is the highest common divisor of m and 1078?
11
Suppose -31 + 206 = 35*m. Suppose m*o - 1641 = -4*r - 0*r, o - 2*r = 331. What is the greatest common factor of 47 and o?
47
Let f be (-20)/(-10) - ((-38466)/3)/2. Let r be (-2)/(-15) + f/165. What is the highest common divisor of 65 and r?
13
Suppose 4*p - 4*u = -108, 3*u = -3*p - 24 - 27. Let d be 88/(-484) + (-1368)/p. Calculate the greatest common divisor of 31 and d.
31
Suppose t + 5*n = 23, -2*n + 13 = t - 16. What is the highest common factor of 3333 and t?
33
Let m(j) = -2*j**2 - 49*j + 26. Let n be m(-25). Let h be 2 + n - (-162 - -9 - 0). What is the highest common divisor of 36 and h?
12
Let r(t) = t**3 - 30*t**2 - 57*t - 114. Let o be r(32). Suppose k - 12 = -0. Let g be 8/3*198/k. Calculate the highest common divisor of g and o.
22
Suppose -3*c + 4*q = -187, 2*c + 2*q - 36 = 70. Suppose 556 = -c*m + 60*m + 5*d, 12 = -3*d. What is the highest common factor of 8 and m?
8
Let s(d) = 2*d**3 - 20*d**2 + 34*d + 199. Let b be s(5). Let l(o) = 6*o**2 - 2*o + 3. Let y be l(3). What is the highest common divisor of y and b?
17
Let y(w) = w**2 - 26*w + 143. Let o be y(21). Suppose -o*q + 39*q - 12 = 0. Let r = 75 + -51. Calculate the greatest common divisor of r and q.
12
Suppose -2*p - 13 = -19. Suppose -24 = -4*r - 4*a, 0*r - 5*a + 6 = -p*r. Suppose 9 = -2*j + 27. What is the greatest common divisor of j and r?
3
Suppose -79*r + 2498 = -39*r - 1222. Let a be (3 - 13)/((-2)/31). What is the highest common factor of a and r?
31
Let s(b) = 38*b + 24. Let a be s(6). Calculate the highest common divisor of 1344 and a.
84
Suppose -144 = 32*t - 40*t. Suppose -176 = -2*z + 48. Suppose 4*s = z + 140. What is the highest common factor of s and t?
9
Let j(k) = 31*k + 116. Let b be j(-4). Let y be (b/(-6) + -1)*3. What is the greatest common factor of y and 37?
1
Suppose -41 + 134 = 4*q + 3*k, -4*k = 7*q - 164. What is the greatest common factor of q and 804?
12
Let q(z) = -425*z - 2963. Let o be q(-7). What is the greatest common divisor of 6492 and o?
12
Suppose -7 - 17 = -n - 3*o, -2*n - 2*o + 56 = 0. Suppose n*w - 112 - 338 = 0. Calculate the highest common factor of w and 105.
15
Let l be 4/18 + 1504/36. Let p(f) = 3*f**2 + 24*f - 40. Let g be p(-9). Let t = g + 76. Calculate the highest common factor of l and t.
21
Suppose -484*a + 18341 + 31047 = 12604. Let w(g) = -58*g - 1. Let j be w(-1). What is the highest common divisor of j and a?
19
Let q(g) = 2*g**3 + 19*g**2 + 8*g + 216. Let z be q(-10). Calculate the greatest common divisor of 12 and z.
12
Let y be ((-6)/(-8) + -2)*-4 - 2. Suppose -2*u + 1 = -y. Suppose a = 6*a - 110. Calculate the greatest common divisor of u and a.
2
Suppose 38 = h + 5*u, 0*u + 5*u + 70 = 5*h. Let s = -2559 - -2568. What is the greatest common divisor of s and h?
9
Let x = 631 - 204. Let c(r) = r**3 + 67*r**2 + 8*r + 597. Let b be c(-67). What is the highest common divisor of b and x?
61
Suppose 756 - 5176 = 20*v. Let q = 227 + v. Calculate the highest common divisor of q and 120.
6
Suppose -65 = -4*p + 3*u + 18, 5*p = -2*u + 75. Suppose 11*s - 219 = 254. Let f = s + -26. Calculate the greatest common divisor of f and p.
17
Let h be 246/369 - (-74)/6. What is the highest common factor of h and 7?
1
Suppose 5*m - 2*a = 2*m - 16, -5*a = 4*m + 29. Let r be 558/198 + m/(-33). Calculate the highest common divisor of 33 and r.
3
Let m = -